-130463?
-130460
In base 15, what is -1c - 1110?
-112c
In base 12, what is 151a7 + -25?
15182
In base 12, what is 18 + 1463?
147b
In base 10, what is 0 - -20246?
20246
In base 13, what is 4 - -58758?
5875c
In base 10, what is -839211 - 0?
-839211
In base 2, what is 1011110100 - -10100?
1100001000
In base 16, what is 5 + -5a178?
-5a173
In base 3, what is -112012212 + -1222?
-112021211
In base 4, what is 10 - 1101220020?
-1101220010
In base 12, what is 4 - 5031?
-5029
In base 5, what is -4341 + -12204?
-22100
In base 2, what is -101 + 1011010000000?
1011001111011
In base 6, what is 340213 - 0?
340213
In base 6, what is 11 - 5053023?
-5053012
In base 9, what is 12 - 23731?
-23718
In base 7, what is 2 - 2102432?
-2102430
In base 6, what is -102341 - 402?
-103143
In base 10, what is 30123 - -3?
30126
In base 10, what is -3 + -7366?
-7369
In base 9, what is 60 + 266?
336
In base 8, what is -50 - 66207?
-66257
In base 3, what is 100022000100202 - -10?
100022000100212
In base 8, what is -13611 - 57?
-13670
In base 9, what is 11 + -15620?
-15608
In base 6, what is 22110424 + -1?
22110423
In base 8, what is -4 - -74703?
74677
In base 2, what is -1001 + -11101101010011?
-11101101011100
In base 14, what is -4 - 158816?
-15881a
In base 3, what is -2 - -20111120?
20111111
In base 11, what is -3 + -37100?
-37103
In base 8, what is 154 + -50325?
-50151
In base 10, what is 16 - -28096?
28112
In base 15, what is a2d - 22?
a0b
In base 16, what is b73587 - -2?
b73589
In base 9, what is -1602 + -13?
-1615
In base 10, what is -395 - -1070?
675
In base 15, what is -c - -9468?
945b
In base 11, what is 224 + -770?
-547
In base 11, what is 7 + -6376?
-636a
In base 13, what is 4 - -4358?
435c
In base 7, what is -36662 - 13?
-40005
In base 11, what is -18 + 35005?
34a98
In base 3, what is -1212110020111 - 11?
-1212110020122
In base 7, what is 136 - 1201?
-1032
In base 12, what is -4 - -3994a?
39946
In base 7, what is -1616 + -104?
-2023
In base 5, what is -32112 + -340?
-33002
In base 10, what is 41 + -17668?
-17627
In base 8, what is 44 - 34627?
-34563
In base 3, what is 112220101122 - -1?
112220101200
In base 15, what is -4 + 3c29?
3c25
In base 12, what is -1 - -10724?
10723
In base 13, what is -1c43ca - -4?
-1c43c6
In base 11, what is 50309 + 17?
50325
In base 15, what is -443 + 25?
-41d
In base 5, what is -2 + -23020?
-23022
In base 12, what is 5a + 33?
91
In base 7, what is 110 + 6412?
6522
In base 12, what is -4541 - -16?
-4527
In base 13, what is 10b + -9?
102
In base 14, what is -1c665 - -10?
-1c655
In base 2, what is 100 - 1011111101011010?
-1011111101010110
In base 4, what is 10 + 111002?
111012
In base 9, what is -3772 - -204?
-3567
In base 6, what is 2 - 102454?
-102452
In base 7, what is 1 - 16161?
-16160
In base 14, what is -45 + -b4?
-119
In base 15, what is 6 - 648?
-642
In base 6, what is -15040 + 3231?
-11405
In base 2, what is 10 - -100100101000110000?
100100101000110010
In base 2, what is 1001000001000101100 + -11?
1001000001000101001
In base 4, what is 11013313 - -1?
11013320
In base 11, what is -577 + 1393?
917
In base 2, what is -1101110110 + -1001?
-1101111111
In base 6, what is 310105 + 1?
310110
In base 15, what is 93 - -7?
9a
In base 5, what is -130 - 1123?
-1303
In base 5, what is 40 + -124423?
-124333
In base 11, what is -3678aa + 3?
-3678a7
In base 16, what is 62b + -4?
627
In base 15, what is -14573 + 4?
-1456e
In base 16, what is -52 - 67f3?
-6845
In base 15, what is 14 - cbb2?
-cb9d
In base 14, what is -b8936 - -7?
-b892d
In base 11, what is 16 - 370?
-355
In base 10, what is -5 - 25213?
-25218
In base 13, what is 0 - -4291?
4291
In base 3, what is -11 - -1010221001?
1010220220
In base 15, what is -28 + -b5a?
-b83
In base 13, what is -3 + -a6b?
-a71
In base 6, what is -200 + -12421?
-13021
In base 10, what is 389813 + -5?
389808
In base 16, what is 62c8 + -31?
6297
In base 2, what is 100001 - -10011110010?
10100010011
In base 3, what is 0 + 22200100?
22200100
In base 13, what is -432626 - 4?
-43262a
In base 7, what is -3 - 32444?
-32450
In base 3, what is 1 - 2100212020?
-2100212012
In base 14, what is 13 - ac9c?
-ac89
In base 11, what is -aa53a - -15?
-aa525
In base 15, what is -5 + 37a9?
37a4
In base 11, what is -738a - -aa?
-7290
In base 16, what is -2 + 14c74?
14c72
In base 14, what is -6 - a19cb?
-a19d3
In base 2, what is -10001110100000001000 + -101?
-10001110100000001101
In base 2, what is 1011 + 101001110001?
101001111100
In base 12, what is -27229 + 3?
-27226
In base 14, what is -7509c + -3?
-750a1
In base 16, what is -11afd + 15?
-11ae8
In base 7, what is 225 - -410?
635
In base 11, what is 984 - -460?
1334
In base 16, what is -232d4d + -5?
-232d52
In base 10, what is 49 + 5976?
6025
In base 8, what is -6 + 45345?
45337
In base 6, what is 1231 - -2400?
4031
In base 5, what is 2 + 11144331?
11144333
In base 14, what is 2 - -9885?
9887
In base 6, what is 22511 + -1315?
21152
In base 3, what is 112202110011 - -2?
112202110020
In base 8, what is -111136 - 3?
-111141
In base 9, what is 14 - 305?
-281
In base 13, what is -46 + -149?
-192
In base 13, what is 2b8 - a6?
212
In base 7, what is 1 + 15163?
15164
In base 2, what is -100 - -100010111110000?
100010111101100
In base 4, what is -20 - 21122120?
-21122200
In base 14, what is -1 + -a8bb?
-a8bc
In base 13, what is -2 + -4001?
-4003
In base 2, what is 10 - 100101101110011?
-100101101110001
In base 14, what is -4 + -4b902?
-4b906
In base 2, what is -1000101111110 - 0?
-1000101111110
In base 7, what is -33 - -451052?
451016
In base 4, what is 1111111 + -1123?
1103322
In base 15, what is 96 - -117a?
1221
In base 2, what is 1000011011100000 - -101?
1000011011100101
In base 15, what is 81 + -23e?
-1ad
In base 14, what is 11c + 312?
430
In base 6, what is 253030 + -1?
253025
In base 3, what is 10020210 + -21020?
2222120
In base 10, what is 3233 + 238?
3471
In base 5, what is -1 - 212002?
-212003
In base 7, what is 1145 - -15620?
20065
In base 10, what is 63383 + 4?
63387
In base 9, what is 0 - 1541?
-1541
In base 15, what is -1976 - 8?
-197e
In base 14, what is 6a3 - -14?
6b7
In base 13, what is -8358a + -10?
-8359a
In base 16, what is -1 - be900?
-be901
In base 15, what is 1664 - 28c?
13c7
In base 16, what is -3e4d + -9?
-3e56
In base 6, what is 1421 + 5333?
11154
In base 16, what is -101eb8 - -1?
-101eb7
In base 15, what is -22219 + -1?
-2221a
In base 12, what is a7bb - -4?
a803
In base 10, what is -274 + 56?
-218
In base 6, what is 4402 - -2043?
10445
In base 5, what is -3124334003 + 10?
-3124333443
In base 16, what is 10658 - c?
1064c
In base 7, what is -4 - -11256424?
11256420
In base 14, what is 30a + -6c?
27c
In base 5, what is -232411 - 323?
-233234
In base 6, what is -11 - -32011?
32000
In base 10, what is -5 - 239175?
-239180
In base 7, what is 533453 - 15?
533435
In base 13, what is -5 + -c705?
-c70a
In base 6, what is -3 - -43242?
43235
In base 14, what is -77 + 2a0?
227
In base 12, what is 12 + 158?
16a
In base 6, what is 12542334 - 1?
12542333
In base 12, what is 2 - -34078?
3407a
In base 16, what is -1c - 1d496?
-1d4b2
In base 10, what is -7401 + 1010?
-6391
In base 6, what is -213 - -11031?
10414
In base 9, what is 2 + 265525?
265527
In base 16, what is -9 - 782b?
-7834
In base 4, what is 3232 + 32122?
102020
In base 15, what is -b9a1 + -2?
-b9a3
In base 5, what is 3 + 30244014?
30244022
In base 15, what is -1 - -360?
35e
In base 8, what is -12207 + 2?
-12205
In base 13, what is -5 - -373b2?
373aa
In base 10, what is -105 + 805?
700
In base 15, what is 28 + -15e30?
-15e07
In base 5, what is 0 - 34414012?
-34414012
In base 7, what is -3 + 333114?
333111
In base 2, what is 1011110001010 + -10010011?
1011011110111
In base 15, what is -19c21 + -2?
-19c23
In base 10, what is -26 - -1085?
1059
In base 5, what is -234 - 1144?
-1433
In base 5, what is -122421444 + 1?
-122421443
In base 7, what is 5 - -33231?
33236
In base 2, what is -1010010111100 - 101000010?
-1010111111110
In base 4, what is -12 - 23211300?
-23211312
In base 5, what is -2 + 4124422?
4124420
In base 6, what is 24533 + -1233?
23300
In base 8, what is 2 + 2603532?
2603534
In base 2, what is 111000010 + -111011011?
-11001
In base 10, what is 18 + 21419?
21437
In base 8, what is -11 + -22540?
-22551
In base 16, w